 -6 - 7 - (0 - 2).
-2
Evaluate -19 + 20 + -2 + 0.
-1
Evaluate (0 - 0) + -7 + 3.
-4
Calculate -2 + 1 - (1 - (-2 - 1)).
-5
Evaluate (4 - 1) + -5 + 3.
1
Evaluate -2 + (-3 + 1 - 0).
-4
What is 7 - (10 + -4) - 4?
-3
Calculate 7 - (2 - 0 - 1).
6
-1 + -2 - -3 - 1
-1
What is -2 - 0 - (3 + -2) - 2?
-5
What is the value of (-15 - (2 - 23)) + (-1 - -3)?
8
Calculate -3 - (2 - 8 - (-7 - -7)).
3
7 + (-1 - 2) + -5
-1
-2 + -9 + (14 - (8 - -2))
-7
What is -1 + (1 - -1) - -2?
3
Calculate 0 + 4 + -1 - (4 - 1).
0
What is 2 - (0 + 0) - 0?
2
-1 - -2 - (-7 - -6)
2
What is the value of -4 + 5 + 1 + (-5 - -9)?
6
What is (0 - 3) + (-12 - -18)?
3
Calculate 3 + 1 - (-2 - -1 - -4).
1
(-4 - -11) + -4 + -2 + -1
0
What is 13 + (-5 - -3 - 4) - 2?
5
What is the value of -3 + (-1 - (3 + -4))?
-3
What is (-1 - 0) + -12 + 15?
2
Evaluate (4 - (3 + -2 - 1)) + 1.
5
5 - -4 - (8 + -2)
3
What is (-1 - (0 - (-2 + 0))) + 2?
-1
What is 26 + -14 + -19 - (-11 + 0)?
4
Calculate 7 + -5 + (-3 - (1 + 0)).
-2
What is 6 + -11 + (5 - 0)?
0
-4 + (5 - -3) + -9 + 7
2
What is 6 - (4 + -3 - 4 - -4)?
5
(-5 - (-9 - -6)) + 0 + 6
4
Calculate 3 + -2 - -1 - 7.
-5
What is 6 + (-1 - 8) + 0 + 1?
-2
-16 - -1 - (-11 - (-1 - 3))
-8
What is (-4 - -2) + (2 - 2)?
-2
(-1 - 1) + -12 + (21 - 14)
-7
What is 5 + (5 - 8) + (-2 - -5)?
5
Calculate 0 + 0 + (-7 - (-16 + 6)).
3
Evaluate (2 - 5) + 1 - 6.
-8
What is the value of -14 + 10 + -1 + 5?
0
(8 - 13 - -7) + (2 - 1)
3
Evaluate 2 + 0 + 0 - 0.
2
What is -10 - (-9 - (-3 + 2))?
-2
Calculate 9 + -5 + (1 - 2) + -8.
-5
Calculate (4 - (-1 + 1)) + 3 + -4.
3
0 + -4 + 2 - (-1 + -4)
3
Calculate (1 - 8 - (-5 - 10)) + -5.
3
Calculate (-6 - (-2 + -5)) + -5.
-4
Calculate 2 - ((-2 - 1) + (5 - 2)).
2
What is 3 + (-1 - (7 + -5) - 4)?
-4
Evaluate -9 - -6 - 3 - -6.
0
What is -2 + (-10 - (3 - 11))?
-4
What is the value of (-3 - (-4 + -1)) + -3 + 3?
2
Calculate (4 - -2) + -14 + 11.
3
Evaluate (-5 + 10 - 7) + (-1 - 3).
-6
What is (8 - 11) + 8 + -1?
4
What is 0 + -1 + (9 - (-16 + 17))?
7
What is (-1 - -6) + 9 + -19?
-5
What is the value of 1 + -1 - ((-2 - 1) + -2)?
5
What is the value of 2 - 3 - 0 - -6?
5
Evaluate 1 - (-8 - -3 - (2 + -4)).
4
Evaluate -1 + (1 - (-1 - 1)).
2
Evaluate -14 + 14 + -11 + 7.
-4
What is the value of 3 - (-2 + 0 + (1 - 1))?
5
What is the value of (-6 - 0) + (8 - 7)?
-5
What is the value of 0 - ((1 - 7) + 6)?
0
What is the value of 4 - -12 - (1 - -12)?
3
(-10 - (-6 + 2)) + 3 - -1
-2
What is -3 + (-1 - -1) + (-15 - -19)?
1
Evaluate 4 + -5 + -3 + 0 - 4.
-8
What is 0 - (-1 - 13) - (85 - 81)?
10
What is 25 - 12 - 14 - 9?
-10
What is 4 + -1 + 1 - (-2 + 1)?
5
Calculate (1 - 4 - -4 - -2) + -3.
0
What is the value of (-8 - -24) + -7 + -6?
3
What is -1 + -1 - (-12 + 8 + -3)?
5
Evaluate 24 - 28 - (-1 - 0).
-3
What is (-3 - (2 + -8 + 3)) + -3?
-3
-2 - ((-16 - -19) + -1 + -11)
7
What is 2 + -4 + 11 + -5?
4
-6 + ((-5 - -5) + 0 - -6)
0
Calculate (-4 + -3 - 3) + 7.
-3
Evaluate -1 + -3 + (0 - 0).
-4
What is the value of -1 + (0 - 2 - -6)?
3
What is the value of 1 + 1 + -1 - 2?
-1
What is (-1 - -7) + (76 - 87)?
-5
Calculate -9 + 12 + -1 + -10 - -1.
-7
Evaluate -3 - -9 - (0 + 1 + 2).
3
Evaluate 2 + 2 + 8 + -4 + -6.
2
Calculate 2 + (-7 + 8 - (0 + 2)).
1
What is the value of 8 - (2 - (7 + -6))?
7
What is the value of -3 - (4 - 10 - -5)?
-2
Evaluate 11 + -6 - (1 - -5).
-1
Calculate 1 - 4 - (3 - 6) - -4.
4
(-3 - 0) + 0 - -8
5
Calculate 109 + -111 + -4 + (-1 - 0).
-7
Calculate (0 - 1) + 11 + -21 + 7.
-4
What is the value of (-64 - -63) + (-2 - 0) + 11?
8
What is 11 + -3 + 0 - 4?
4
Evaluate (2 - 8) + -1 + 5 + 9.
7
Calculate -2 - (-1 - ((-5 - -1) + 1)).
-4
Calculate 6 + (-2 - 3) + (-1 - -4).
4
Calculate 0 + 3 + 0 + -1.
2
-15 - -11 - (3 + (3 - 9))
-1
What is the value of -2 - 2 - (1 - (0 + 0))?
-5
Calculate 14 + -5 + -5 + -1 + 0.
3
7 + -12 + 1 + 2 + -2
-4
What is (-1 - 16) + (6 - 0) - -6?
-5
Evaluate 4 + (3 - (9 - 8)).
6
Calculate (4 - (0 + 1)) + (2 - 5).
0
What is 30 + -21 - (9 + 2)?
-2
What is the value of (-5 + -3 - -5) + 1?
-2
What is the value of 0 - (-2 + -4 + 1)?
5
What is (3 - 3) + (-2 - -1)?
-1
-2 + 4 - (-10 + 5 + 1)
6
What is the value of -2 - (-5 + 2 + (5 - 0))?
-4
-5 - -7 - -2 - 1
3
(-8 - -8) + -1 + 2 + 2
3
Calculate 1 - (-3 + 3 - -10).
-9
6 + (6 + -12 - 1)
-1
What is (-1 - 4) + (18 - 16)?
-3
What is 4 - (5 + 3 + -4) - 1?
-1
-6 - ((3 - 5) + -3)
-1
-2 + -3 + -1 + -12 + 15
-3
Calculate 0 + ((-2 - 1) + 4 - 7).
-6
0 - (6 + -8) - 1
1
What is -4 - (-11 - (-2 + 0))?
5
Calculate (0 - -1) + -30 + 24.
-5
Evaluate -2 - (1 + 3 + -10).
4
Calculate 2 - (-2 + 1) - -1.
4
Evaluate 6 - (-3 + 4 - 7) - 3.
9
Calculate (-9 - (2 - 9)) + -9 + 3.
-8
Evaluate 2 - (0 + 2 + 0 - 0).
0
What is the value of (-21 - -30) + (-7 - 3)?
-1
-3 + (7 - (5 - 7 - -4))
2
What is -17 + 24 - (12 - -1)?
-6
-8 + 11 + 7 + -5
5
What is the value of 11 + (-9 - -6) + -3?
5
Calculate (1 - 1) + -2 + 1.
-1
What is 6 + -4 + (0 - -3)?
5
What is (4 - 2) + (-2 - (-1 - 2))?
3
-1 - 1 - ((16 - 10) + -12)
4
What is the value of -4 - (5 + (-10 - 1))?
2
What is the value of 5 - (-4 + 4) - (0 + 1)?
4
What is -10 + 5 + -1 - (4 + -7)?
-3
Evaluate -74 + 65 - (0 - (7 + -1)).
-3
Evaluate -7 + 4 + 11 + -16.
-8
Evaluate 11 + -7 + (0 - -1 - 3).
2
What is -2 + 7 + (-60 - -60)?
5
What is the value of (-2 - 1 - -3 - -2) + -5?
-3
Calculate -3 - (-2 - 2) - (30 + -32).
3
Calculate (-1 - (2 + -5)) + (-4 - -1).
-1
What is the value of 7 - (-2 + (-3 - -9) - 1)?
4
Evaluate -3 + 4 + -7 + -1.
-7
-4 - 4 - (-5 + -6 + 5)
-2
What is (-1 - 2) + (0 - (0 + -6))?
3
What is the value of (6 - (2 + -2)) + -14?
-8
What is 2 + -4 + -1 + (0 - 2)?
-5
What is -13 - (6 - -3 - 26)?
4
Calculate (-8 - -2) + 6 + -1.
-1
-6 - -4 - -2 - 6
-6
What is 11 - (7 + -14 + 25)?
-7
What is (8 + -4 - -1) + -4?
1
Calculate (8 + 0 - (12 - 8)) + -7.
-3
Evaluate -6 - 1 - (-8 + 13 + -7).
-5
What is the value of -6 - (-5 - (-2 + -2))?
-5
Calculate -7 - -10 - (7 - 1) - -3.
0
What is the value of 0 - (-12 - (-9 + (7 - -1)))?
11
Evaluate 5 + (-5 - 4) + 5 - 6.
-5
What is the value of 0 - -5 - (10 + -7)?
2
Calculate (-16 - 3) + 14 + -2.
-7
What is the value of -1 + 0 - (4 + 0)?
-5
What is the value of (6 - (2 + 0)) + 0 + 1?
5
Calculate 5 - (-5 - -16) - -16 - 2.
8
Evaluate -13 - (-11 + 6) - -1.
-7
What is the value of -2 + 4 + 0 + 1?
3
What is the value of 1 - -3 - (-40 - -47)?
-3
What is the value of 2 - 0 - (-67 - -68)?
1
What is the value of -6 + (-1 - (4 - 6))?
-5
What is 7 + -3 + -6 - (-1 + -5)?
4
Evaluate 3 + 4 + -6 + 5 + -3.
3
What is 7 + -7 + -2 + 3?
1
0 + -4 + (4 - 5)
-5
Evaluate -6 - (-44 - -29 - (0 + -4)).
5
(6 - 0) + (-2 - (8 + -6))
2
What is the value of -3 + (-2 - -8) - -1?
4
0 + (-3 - (4 - 7))
0
Calculate (-10 - -15) + (2 - 1).
6
What is -1 + -1 - (16 - 19)?
1
What is the value of -2 - (0 + -7 + 0)?
5
Evaluate -37 - -31 - (-2 - 3 - 1).
0
-3 + (6 - 5 - -8)
6
Calculate 2 + -3 - (3 - (-6 + 7)).
-3
What is the value of (-1 - 9) + -1 + 6?
-5
Calculate -10 + (-3 + 1 - -11).
-1
Calculate 6 + (-1 - (-1 - (-5 + 0))).
1
Evaluate -1 + -5 + (-6 - -9).
-3
Evaluate (-4 - (-8 + 5)) + 2 + 4.
5
Calculate 5 + 1 + 0 + -4 - 3.
-1
Evaluate (1 - 16) + (-6 - -15).
-6
Calculate -1 - -1 - 5 - (3 + -13).
5
Evaluate -2 + 0 + 3 + 5 + -2.
4
What is the value of (-3 - -2 - (3 - 0)) + 4?
0
What is the value of (6 - 2) + 5 + -3?
6
Calculate -10 + 23 + -9 + -6.
-2
What is -3 + 2 + -2 + (6 - 1)?
2
(-4 - (-1 - 0)) + (7 - -1)
5
What is the value of 17 + -3 + 0 + -8?
6
What is 5 + (-6 + -3 - -7)?
3
What is the value of -6 + (1 + -4 + 3 - -1)?
-5
What is (-5 - (5 + -6)) + 5?
1
What is the value of 4 - (10 + -1 + (-14 - -12))?
-3
What is 3 + -1 + -162 + 164?
4
What is -2 + -3 + -1 - -1?
-5
What is 0 - ((1 - -2) + -5) - 2?
0
Evaluate 5 + -3 + (2 + -7 - 1).
-4
Evaluate 3 + -19 + 7 + 10.
1
What is 1 + -13 + -39 + 47?
-4
Calculate 7 + -10 - (1 - 9).
5
What is the value of -7 + 2 - ((5 - 21) + 6)?
5
What is -4 + -4 + 8 + 6 - 0?
6
Calculate -3 - (-4 + -5 + 3 + 2).
1
What is the value of 1 - -9 - (-4 - -8)?
6
What is the value of 2 + (3 - (2 + -1) - -1)?
5
Evaluate 1 + 4 + (-3 - -4) + -2.
4
Evaluate 73 + -84 + -1 + 9 - 5.
-8
-5 + 2 + 2 + 1
0
Evaluate 2 + -12 + 12 + -7.
-5
3 - (-6 + (-1 - -3))
7
(-2 - -1) + (-6 - -9)
2
Evaluate -3 + (5 - (-3 + 9)).
-4
What is the value of 7 + (4 - 8) + (1 - -3)?
7
Calculate 2 + 3 - (3 + 5).
-3
What is the val